{"id":1825,"date":"2026-09-01T09:06:38","date_gmt":"2026-09-01T07:06:38","guid":{"rendered":"https:\/\/belgrade.wordcamp.org\/2026\/?page_id=1825"},"modified":"2026-09-01T09:06:38","modified_gmt":"2026-09-01T07:06:38","slug":"milan-ivanovic","status":"publish","type":"page","link":"https:\/\/belgrade.wordcamp.org\/2026\/sr\/zajednica\/organizatori\/milan-ivanovic\/","title":{"rendered":"Milan Ivanovi\u0107"},"content":{"rendered":"\n<figure class=\"wp-block-image size-medium is-style-rounded\" style=\"margin-bottom:var(--wp--preset--spacing--30)\"><img loading=\"lazy\" decoding=\"async\" width=\"300\" height=\"300\" src=\"https:\/\/belgrade.wordcamp.org\/2026\/files\/2026\/09\/lance-300x300.png\" alt=\"Milan Ivanovi\u0107\" class=\"wp-image-2446\" srcset=\"https:\/\/belgrade.wordcamp.org\/2026\/files\/2026\/09\/lance-300x300.png 300w, https:\/\/belgrade.wordcamp.org\/2026\/files\/2026\/09\/lance-150x150.png 150w, https:\/\/belgrade.wordcamp.org\/2026\/files\/2026\/09\/lance.png 448w\" sizes=\"auto, (max-width: 300px) 100vw, 300px\" \/><\/figure>\n\n\n\n<p class=\"wp-block-paragraph\">Pozdrav! Ja sam Milan Ivanovi\u0107, full-stack programer sa vi\u0161e od deceniju i po opse\u017enog iskustva u WordPress-u.<\/p>\n\n\n\n<p class=\"wp-block-paragraph\">Aktivni sam \u010dlan WordPress zajednice, a slu\u017eim kao zamenik (deputy), WordCamp mentor i globalni urednik prevoda za WordPress.org.<\/p>\n\n\n\n<p class=\"wp-block-paragraph\">Tako\u0111e sam odgovoran za vo\u0111enje WordPress zajednice u Srbiji, a prethodno sam predavao na WordPress akademiji u Srbiji.<\/p>\n\n\n\n<p class=\"wp-block-paragraph\">Suprug, otac i zaljubljenik u Open Source i fotografiju.<\/p>\n","protected":false},"excerpt":{"rendered":"<p>Pozdrav! Ja sam Milan Ivanovi\u0107, full-stack programer sa vi\u0161e od deceniju i po opse\u017enog iskustva u WordPress-u. Aktivni sam \u010dlan WordPress zajednice, a slu\u017eim kao zamenik (deputy), WordCamp mentor i globalni urednik prevoda za WordPress.org. Tako\u0111e sam odgovoran za vo\u0111enje WordPress zajednice u Srbiji, a prethodno sam predavao na WordPress akademiji u Srbiji. Suprug, otac [&hellip;]<\/p>\n","protected":false},"author":9408594,"featured_media":2446,"parent":1688,"menu_order":0,"comment_status":"closed","ping_status":"closed","template":"","meta":{"footnotes":""},"class_list":["post-1825","page","type-page","status-publish","has-post-thumbnail","hentry"],"jetpack_sharing_enabled":true,"jetpack_shortlink":"https:\/\/wp.me\/PgXYN8-tr","_links":{"self":[{"href":"https:\/\/belgrade.wordcamp.org\/2026\/wp-json\/wp\/v2\/pages\/1825","targetHints":{"allow":["GET"]}}],"collection":[{"href":"https:\/\/belgrade.wordcamp.org\/2026\/wp-json\/wp\/v2\/pages"}],"about":[{"href":"https:\/\/belgrade.wordcamp.org\/2026\/wp-json\/wp\/v2\/types\/page"}],"author":[{"embeddable":true,"href":"https:\/\/belgrade.wordcamp.org\/2026\/wp-json\/wp\/v2\/users\/9408594"}],"replies":[{"embeddable":true,"href":"https:\/\/belgrade.wordcamp.org\/2026\/wp-json\/wp\/v2\/comments?post=1825"}],"version-history":[{"count":2,"href":"https:\/\/belgrade.wordcamp.org\/2026\/wp-json\/wp\/v2\/pages\/1825\/revisions"}],"predecessor-version":[{"id":2452,"href":"https:\/\/belgrade.wordcamp.org\/2026\/wp-json\/wp\/v2\/pages\/1825\/revisions\/2452"}],"up":[{"embeddable":true,"href":"https:\/\/belgrade.wordcamp.org\/2026\/wp-json\/wp\/v2\/pages\/1688"}],"wp:featuredmedia":[{"embeddable":true,"href":"https:\/\/belgrade.wordcamp.org\/2026\/wp-json\/wp\/v2\/media\/2446"}],"wp:attachment":[{"href":"https:\/\/belgrade.wordcamp.org\/2026\/wp-json\/wp\/v2\/media?parent=1825"}],"curies":[{"name":"wp","href":"https:\/\/api.w.org\/{rel}","templated":true}]}}

Milan Ivanović

<figure class="wp-block-image size-medium is-style-rounded" style="margin-bottom:var(--wp--preset--spacing--30)"><img loading="lazy" decoding="async" width="300" height="300" src="https://belgrade.wordcamp.org/2026/files/2026/09/lance-300x300.png" alt="Milan Ivanović" class="wp-image-2446" srcset="https://belgrade.wordcamp.org/2026/files/2026/09/lance-300x300.png 300w, https://belgrade.wordcamp.org/2026/files/2026/09/lance-150x150.png 150w, https://belgrade.wordcamp.org/2026/files/2026/09/lance.png 448w" sizes="auto, (max-width: 300px) 100vw, 300px" /></figure>



<p class="wp-block-paragraph">Pozdrav! Ja sam Milan Ivanović, full-stack programer sa više od deceniju i po opsežnog iskustva u WordPress-u.</p>



<p class="wp-block-paragraph">Aktivni sam član WordPress zajednice, a služim kao zamenik (deputy), WordCamp mentor i globalni urednik prevoda za WordPress.org.</p>



<p class="wp-block-paragraph">Takođe sam odgovoran za vođenje WordPress zajednice u Srbiji, a prethodno sam predavao na WordPress akademiji u Srbiji.</p>



<p class="wp-block-paragraph">Suprug, otac i zaljubljenik u Open Source i fotografiju.</p>

<p>Pozdrav! Ja sam Milan Ivanović, full-stack programer sa više od deceniju i po opsežnog iskustva u WordPress-u. Aktivni sam član WordPress zajednice, a služim kao zamenik (deputy), WordCamp mentor i globalni urednik prevoda za WordPress.org. Takođe sam odgovoran za vođenje WordPress zajednice u Srbiji, a prethodno sam predavao na WordPress akademiji u Srbiji. Suprug, otac [&hellip;]</p>
