{"id":569,"date":"2026-06-27T02:36:22","date_gmt":"2026-06-27T00:36:22","guid":{"rendered":"https:\/\/belgrade.wordcamp.org\/2026\/?post_type=wcb_session&#038;p=569"},"modified":"2026-09-03T11:27:51","modified_gmt":"2026-09-03T09:27:51","slug":"wordpress-u-enterprise-okruzenju-problemi-i-resenja-nakon-dve-godine-koriscenja-multisite-a-sr","status":"publish","type":"wcb_session","link":"https:\/\/belgrade.wordcamp.org\/2026\/session\/wordpress-u-enterprise-okruzenju-problemi-i-resenja-nakon-dve-godine-koriscenja-multisite-a-sr\/","title":{"rendered":"WordPress u Enterprise okru\u017eenju &#8211; problemi i re\u0161enja nakon dve godine kori\u0161\u0107enja MultiSite-a [SR]"},"content":{"rendered":"\n<p class=\"wp-block-paragraph\">Trudi\u0107u se da prenesem iskustvo kori\u0161\u0107enja WordPress MultiSite-a u kompaniji u kojoj radim. Koristimo ga ve\u0107 pune dve godine i ovo je pri\u010da o usponima i padovima kao i zanimljivim re\u0161enjima do kojih smo u celom procesu do\u0161li.<\/p>\n","protected":false},"excerpt":{"rendered":"<p>Trudi\u0107u se da prenesem iskustvo kori\u0161\u0107enja WordPress MultiSite-a u kompaniji u kojoj radim. Koristimo ga ve\u0107 pune dve godine i ovo je pri\u010da o usponima i padovima kao i zanimljivim re\u0161enjima do kojih smo u celom procesu do\u0161li.<\/p>\n","protected":false},"author":14822515,"featured_media":0,"template":"","meta":{"_wcpt_session_time":1789738800,"_wcpt_session_duration":2400,"_wcpt_session_type":"session","_wcpt_session_slides":"","_wcpt_session_video":"","_wcpt_speaker_id":[2080],"footnotes":""},"session_track":[25],"session_category":[27],"class_list":["post-569","wcb_session","type-wcb_session","status-publish","hentry","wcb_track-predavanja","wcb_session_category-srpski"],"jetpack_sharing_enabled":true,"jetpack_shortlink":"https:\/\/wp.me\/pgXYN8-9b","session_date_time":{"date":"September 18, 2026","time":"3:40 pm"},"session_speakers":[{"id":"2080","slug":"rade-jekic","name":"Rade Jeki\u0107","link":"https:\/\/belgrade.wordcamp.org\/2026\/speaker\/rade-jekic\/"}],"session_cats_rendered":"Srpski","_links":{"self":[{"href":"https:\/\/belgrade.wordcamp.org\/2026\/wp-json\/wp\/v2\/sessions\/569","targetHints":{"allow":["GET"]}}],"collection":[{"href":"https:\/\/belgrade.wordcamp.org\/2026\/wp-json\/wp\/v2\/sessions"}],"about":[{"href":"https:\/\/belgrade.wordcamp.org\/2026\/wp-json\/wp\/v2\/types\/wcb_session"}],"author":[{"embeddable":true,"href":"https:\/\/belgrade.wordcamp.org\/2026\/wp-json\/wp\/v2\/users\/14822515"}],"version-history":[{"count":5,"href":"https:\/\/belgrade.wordcamp.org\/2026\/wp-json\/wp\/v2\/sessions\/569\/revisions"}],"predecessor-version":[{"id":2582,"href":"https:\/\/belgrade.wordcamp.org\/2026\/wp-json\/wp\/v2\/sessions\/569\/revisions\/2582"}],"speakers":[{"embeddable":true,"href":"https:\/\/belgrade.wordcamp.org\/2026\/wp-json\/wp\/v2\/speakers\/2080"}],"wp:attachment":[{"href":"https:\/\/belgrade.wordcamp.org\/2026\/wp-json\/wp\/v2\/media?parent=569"}],"wp:term":[{"taxonomy":"wcb_track","embeddable":true,"href":"https:\/\/belgrade.wordcamp.org\/2026\/wp-json\/wp\/v2\/session_track?post=569"},{"taxonomy":"wcb_session_category","embeddable":true,"href":"https:\/\/belgrade.wordcamp.org\/2026\/wp-json\/wp\/v2\/session_category?post=569"}],"curies":[{"name":"wp","href":"https:\/\/api.w.org\/{rel}","templated":true}]}}

WordPress u Enterprise okruženju &#8211; problemi i rešenja nakon dve godine korišćenja MultiSite-a [SR]

<p class="wp-block-paragraph">Trudiću se da prenesem iskustvo korišćenja WordPress MultiSite-a u kompaniji u kojoj radim. Koristimo ga već pune dve godine i ovo je priča o usponima i padovima kao i zanimljivim rešenjima do kojih smo u celom procesu došli.</p>

<p>Trudiću se da prenesem iskustvo korišćenja WordPress MultiSite-a u kompaniji u kojoj radim. Koristimo ga već pune dve godine i ovo je priča o usponima i padovima kao i zanimljivim rešenjima do kojih smo u celom procesu došli.</p>

Rade Jekić
